housands digit of 2955121359?
2
What is the ten millions digit of 36109307?
3
What is the thousands digit of 917157825?
7
What is the millions digit of 35854029?
5
What is the units digit of 1179313240?
0
What is the ten millions digit of 559689678?
5
What is the ten millions digit of 137511943?
3
What is the hundred millions digit of 117054756?
1
What is the units digit of 958351?
1
What is the ten thousands digit of 186728327?
2
What is the ten millions digit of 76469245?
7
What is the thousands digit of 17615131?
5
What is the units digit of 43286016?
6
What is the millions digit of 548625957?
8
What is the hundred millions digit of 2364654919?
3
What is the ten millions digit of 53577217?
5
What is the ten thousands digit of 1991517?
9
What is the ten millions digit of 2658194252?
5
What is the hundred thousands digit of 1475686262?
6
What is the hundred millions digit of 2412818076?
4
What is the units digit of 7859399?
9
What is the hundreds digit of 52946047?
0
What is the tens digit of 313181413?
1
What is the billions digit of 2710224955?
2
What is the tens digit of 3515677706?
0
What is the ten thousands digit of 70591547?
9
What is the hundreds digit of 9851585?
5
What is the millions digit of 918186674?
8
What is the hundred millions digit of 2929263633?
9
What is the hundred millions digit of 385823590?
3
What is the thousands digit of 492652528?
2
What is the hundred millions digit of 201391482?
2
What is the tens digit of 1846641624?
2
What is the millions digit of 3542091520?
2
What is the hundreds digit of 185419899?
8
What is the hundreds digit of 2745664717?
7
What is the hundred thousands digit of 194842685?
8
What is the tens digit of 3250970115?
1
What is the thousands digit of 247197591?
7
What is the hundred thousands digit of 92123166?
1
What is the units digit of 20703884?
4
What is the units digit of 42375920?
0
What is the units digit of 16213017?
7
What is the units digit of 236194794?
4
What is the billions digit of 3037297304?
3
What is the ten thousands digit of 2290355167?
5
What is the units digit of 65844872?
2
What is the hundred millions digit of 103701539?
1
What is the hundred thousands digit of 152964128?
9
What is the hundreds digit of 58816769?
7
What is the units digit of 11320658?
8
What is the millions digit of 160777981?
0
What is the millions digit of 2015281090?
5
What is the millions digit of 154336101?
4
What is the tens digit of 59700899?
9
What is the ten millions digit of 4569529421?
6
What is the tens digit of 109780478?
7
What is the ten millions digit of 345880215?
4
What is the ten thousands digit of 6589586094?
8
What is the thousands digit of 4656366801?
6
What is the hundred millions digit of 121468228?
1
What is the ten millions digit of 191741730?
9
What is the thousands digit of 1822198257?
8
What is the millions digit of 373670933?
3
What is the millions digit of 46447055?
6
What is the hundreds digit of 594444666?
6
What is the ten thousands digit of 1574651?
7
What is the hundreds digit of 2856282894?
8
What is the thousands digit of 4903662133?
2
What is the units digit of 403172019?
9
What is the hundreds digit of 382466600?
6
What is the millions digit of 136380194?
6
What is the units digit of 157475197?
7
What is the ten thousands digit of 710132214?
3
What is the thousands digit of 84840838?
0
What is the tens digit of 1196002581?
8
What is the millions digit of 51276729?
1
What is the hundreds digit of 2109584561?
5
What is the hundreds digit of 1107699309?
3
What is the hundreds digit of 26609756?
7
What is the thousands digit of 49338765?
8
What is the thousands digit of 32400812?
0
What is the ten thousands digit of 5123244?
2
What is the tens digit of 43576900?
0
What is the units digit of 18790161?
1
What is the thousands digit of 10527015?
7
What is the hundred thousands digit of 64390136?
3
What is the units digit of 75234603?
3
What is the millions digit of 52722999?
2
What is the units digit of 2806231592?
2
What is the units digit of 263135765?
5
What is the thousands digit of 1288569055?
9
What is the millions digit of 132520540?
2
What is the hundred thousands digit of 52797003?
7
What is the hundred thousands digit of 878260833?
2
What is the ten millions digit of 877802635?
7
What is the millions digit of 1501766681?
1
What is the tens digit of 3650941547?
4
What is the ten thousands digit of 787111332?
1
What is the hundreds digit of 1023412231?
2
What is the ten millions digit of 136738035?
3
What is the hundred millions digit of 137331718?
1
What is the hundred thousands digit of 1748256070?
2
What is the hundred thousands digit of 6426265?
4
What is the hundred thousands digit of 49251324?
2
What is the units digit of 1832392733?
3
What is the ten millions digit of 1809385584?
0
What is the hundreds digit of 57879753?
7
What is the hundreds digit of 36900082?
0
What is the hundred millions digit of 117052790?
1
What is the units digit of 525452223?
3
What is the hundreds digit of 134832222?
2
What is the ten thousands digit of 3880502937?
0
What is the units digit of 2282313302?
2
What is the millions digit of 68562402?
8
What is the billions digit of 2069455725?
2
What is the ten millions digit of 39005234?
3
What is the billions digit of 2120439305?
2
What is the ten millions digit of 298284083?
9
What is the thousands digit of 518364591?
4
What is the units digit of 3010474?
4
What is the billions digit of 2836718781?
2
What is the tens digit of 64212002?
0
What is the units digit of 885189577?
7
What is the hundreds digit of 8574639?
6
What is the units digit of 106881729?
9
What is the units digit of 3351740?
0
What is the tens digit of 1848784970?
7
What is the hundred thousands digit of 5862966118?
9
What is the thousands digit of 418420782?
0
What is the hundred thousands digit of 76175518?
1
What is the thousands digit of 1571993446?
3
What is the ten millions digit of 839186890?
3
What is the ten millions digit of 477902213?
7
What is the hundred millions digit of 153100969?
1
What is the thousands digit of 44905193?
5
What is the units digit of 618183322?
2
What is the ten millions digit of 1152286240?
5
What is the units digit of 6199356?
6
What is the thousands digit of 86693806?
3
What is the hundreds digit of 853534146?
1
What is the ten millions digit of 14357517?
1
What is the hundreds digit of 72437757?
7
What is the millions digit of 5290121462?
0
What is the thousands digit of 295889666?
9
What is the tens digit of 65162666?
6
What is the tens digit of 325633727?
2
What is the millions digit of 494409523?
4
What is the units digit of 25427749?
9
What is the thousands digit of 1993909873?
9
What is the thousands digit of 83158734?
8
What is the hundreds digit of 20212585?
5
What is the hundreds digit of 43836713?
7
What is the tens digit of 66979425?
2
What is the millions digit of 31105112?
1
What is the ten millions digit of 583002332?
8
What is the units digit of 259446574?
4
What is the units digit of 35520240?
0
What is the tens digit of 161383254?
5
What is the units digit of 510755859?
9
What is the tens digit of 2280555004?
0
What is the hundred millions digit of 7756480598?
7
What is the tens digit of 340162900?
0
What is the hundreds digit of 4229746724?
7
What is the millions digit of 176938280?
6
What is the tens digit of 3177599641?
4
What is the tens digit of 303655422?
2
What is the ten millions digit of 1937357488?
3
What is the millions digit of 1349203916?
9
What is the thousands digit of 134271885?
1
What is the hundred thousands digit of 672420283?
4
What is the hundred thousands digit of 970267160?
2
What is the ten thousands digit of 691682847?
8
What is the ten thousands digit of 386228670?
2
What is the hundred millions digit of 720140785?
7
What is the thousands digit of 3207079549?
9
What is the ten millions digit of 324130120?
2
What is the ten thousands digit of 859659902?
5
What is the hundred millions digit of 172418772?
1
What is the hundreds digit of 630217517?
5
What is the ten millions digit of 204536113?
0
What is the millions digit of 771222323?
1
What is the hundred thousands digit of 1204570778?
5
What is the thousands digit of 55775925?
5
What is the hundred thousands digit of 727644339?
6
Wh